Dec 01 03:39:37.660 INFO testing saiwolf/blog_os against master#8940af3cea4a9a9deabcaf843b2f8cad9a83fc61 for beta-1.31-5
Dec 01 03:39:37.662 INFO running `"docker" "create" "-v" "/mnt/big/crater/work/local/target-dirs/beta-1.31-5/worker-6/master#8940af3cea4a9a9deabcaf843b2f8cad9a83fc61:/target:rw,Z" "-v" "/mnt/big/crater/work/local/test-source/worker-6/beta-1.31-5/master#8940af3cea4a9a9deabcaf843b2f8cad9a83fc61:/source:ro,Z" "-v" "/mnt/big/crater/work/local/cargo-home:/cargo-home:ro,Z" "-v" "/mnt/big/crater/work/local/rustup-home:/rustup-home:ro,Z" "-e" "USER_ID=1000" "-e" "SOURCE_DIR=/source" "-e" "USER_ID=1000" "-e" "CMD=cargo +8940af3cea4a9a9deabcaf843b2f8cad9a83fc61-alt build --frozen" "-e" "CARGO_TARGET_DIR=/target" "-e" "CARGO_INCREMENTAL=0" "-e" "RUST_BACKTRACE=full" "-e" "RUSTFLAGS=--cap-lints=warn" "-e" "CARGO_HOME=/cargo-home" "-e" "RUSTUP_HOME=/rustup-home" "-m" "1536M" "--network" "none" "crater"`
Dec 01 03:39:38.003 INFO [stdout] 2fa865e4696b2c81b53c4f0b5857fdcd37360202224904c81f714ce276dcf61a
Dec 01 03:39:38.009 INFO running `"docker" "start" "-a" "2fa865e4696b2c81b53c4f0b5857fdcd37360202224904c81f714ce276dcf61a"`
Dec 01 03:39:38.406 INFO [stderr] usermod: no changes
Dec 01 03:39:38.450 INFO [stderr]    Compiling ux v0.1.2
Dec 01 03:39:38.450 INFO [stderr]    Compiling os_bootinfo v0.2.1
Dec 01 03:39:38.450 INFO [stderr]    Compiling usize_conversions v0.2.0
Dec 01 03:39:38.452 INFO [stderr]    Compiling bit_field v0.9.0
Dec 01 03:39:38.452 INFO [stderr]    Compiling cpuio v0.2.0
Dec 01 03:39:38.452 INFO [stderr]    Compiling spin v0.4.10
Dec 01 03:39:38.453 INFO [stderr]    Compiling volatile v0.2.5
Dec 01 03:39:38.453 INFO [stderr]    Compiling lazy_static v1.1.0
Dec 01 03:39:38.600 INFO [stderr] error[E0554]: #![feature] may not be used on the beta release channel
Dec 01 03:39:38.600 INFO [stderr]  --> /cargo-home/registry/src/github.com-1ecc6299db9ec823/usize_conversions-0.2.0/src/lib.rs:6:1
Dec 01 03:39:38.600 INFO [stderr]   |
Dec 01 03:39:38.600 INFO [stderr] 6 | #![feature(i128_type)]
Dec 01 03:39:38.600 INFO [stderr]   | ^^^^^^^^^^^^^^^^^^^^^^
Dec 01 03:39:38.600 INFO [stderr] 
Dec 01 03:39:38.600 INFO [stderr] error: aborting due to previous error
Dec 01 03:39:38.600 INFO [stderr] 
Dec 01 03:39:38.600 INFO [stderr] For more information about this error, try `rustc --explain E0554`.
Dec 01 03:39:38.623 INFO [stderr] error: Could not compile `usize_conversions`.
Dec 01 03:39:38.624 INFO [stderr] warning: build failed, waiting for other jobs to finish...
Dec 01 03:39:38.624 INFO [stderr] error[E0554]: #![feature] may not be used on the beta release channel
Dec 01 03:39:38.624 INFO [stderr]  --> /cargo-home/registry/src/github.com-1ecc6299db9ec823/cpuio-0.2.0/src/lib.rs:4:1
Dec 01 03:39:38.624 INFO [stderr]   |
Dec 01 03:39:38.625 INFO [stderr] 4 | #![feature(asm, const_fn, no_std)]
Dec 01 03:39:38.625 INFO [stderr]   | ^^^^^^^^^^^^^^^^^^^^^^^^^^^^^^^^^^
Dec 01 03:39:38.625 INFO [stderr] 
Dec 01 03:39:38.626 INFO [stderr] error: aborting due to previous error
Dec 01 03:39:38.626 INFO [stderr] 
Dec 01 03:39:38.626 INFO [stderr] For more information about this error, try `rustc --explain E0554`.
Dec 01 03:39:38.627 INFO [stderr] error: Could not compile `cpuio`.
Dec 01 03:39:38.627 INFO [stderr] warning: build failed, waiting for other jobs to finish...
Dec 01 03:39:38.667 INFO [stderr] error[E0554]: #![feature] may not be used on the beta release channel
Dec 01 03:39:38.667 INFO [stderr]  --> /cargo-home/registry/src/github.com-1ecc6299db9ec823/spin-0.4.10/src/lib.rs:6:35
Dec 01 03:39:38.667 INFO [stderr]   |
Dec 01 03:39:38.667 INFO [stderr] 6 | #![cfg_attr(feature = "const_fn", feature(const_fn))]
Dec 01 03:39:38.667 INFO [stderr]   |                                   ^^^^^^^^^^^^^^^^^
Dec 01 03:39:38.667 INFO [stderr] 
Dec 01 03:39:38.671 INFO [stderr] error: aborting due to previous error
Dec 01 03:39:38.671 INFO [stderr] 
Dec 01 03:39:38.671 INFO [stderr] For more information about this error, try `rustc --explain E0554`.
Dec 01 03:39:38.675 INFO [stderr] error: Could not compile `spin`.
Dec 01 03:39:38.675 INFO [stderr] warning: build failed, waiting for other jobs to finish...
Dec 01 03:39:53.663 INFO [stderr] error: build failed
Dec 01 03:39:53.671 INFO [stderr] su: No module specific data is present
Dec 01 03:39:54.701 INFO running `"docker" "inspect" "2fa865e4696b2c81b53c4f0b5857fdcd37360202224904c81f714ce276dcf61a"`
Dec 01 03:39:55.037 INFO running `"docker" "rm" "-f" "2fa865e4696b2c81b53c4f0b5857fdcd37360202224904c81f714ce276dcf61a"`
Dec 01 03:39:55.450 INFO [stdout] 2fa865e4696b2c81b53c4f0b5857fdcd37360202224904c81f714ce276dcf61a
